7 - f. Let q = 51 - c. Calculate s(q).
-7
Let j(b) = b**2 - b - 25. Let p(t) = 175*t + 1406. Let i be p(-8). Give j(i).
5
Let b be (-590)/59*1/(-2). Let z(g) = -g. Let t(v) = -4*v - 6. Let s(q) = -t(q) + 5*z(q). Determine s(b).
1
Let r(h) = 2*h**2 - 4*h - 2. Let w be (3/(-5))/(1*(-8)/(-40)). Let o(j) = j**2 + j + 1. Let s(k) = w*o(k) + r(k). Let a = -3 - 1. Calculate s(a).
7
Let s(i) = i**3 + 4*i**2 - 5. Suppose 0 = 2*y - 5 + 31. Let q = y + 18. Suppose -5 - 1 = -f - 5*r, -q*r = -f - 14. Calculate s(f).
-5
Let m(p) be the third derivative of -1/24*p**4 + 0*p + 1/10*p**6 + 1/6*p**3 + 0 + 1/60*p**5 + p**2. Let n(h) = -206*h - 2059. Let r be n(-10). Give m(r).
13
Let n be (4/(-10))/((-1)/(-10)). Let g(i) be the first derivative of -i**4/8 - i**3 + 131*i**2 + 240. Let o(q) be the second derivative of g(q). Give o(n).
6
Let g(q) = q**2 - 35*q + 220. Let t(p) = -2046*p + 4100. Let f be t(2). Determine g(f).
4
Let a be ((-20)/14 - -1)/((-14)/294). Let r be 1/(105/12 - a). Let h(d) = -d**2 - 3*d + 4. Give h(r).
0
Let a(y) be the third derivative of y**4/4 - y**3/3 - y**2 + 90*y. Calculate a(8).
46
Let n be (-4)/((24/(-21))/4). Let v = -20 + n. Let d(x) be the second derivative of x**5/20 + 7*x**4/12 + 7*x**3/6 - 195*x. Determine d(v).
-6
Let u(q) = -15*q - 21. Suppose 488 = -51*c - 181*c + 24. Calculate u(c).
9
Let m be -2*2/4*4. Let c = 3 - 5. Let j(u) = u**3 - 3*u**2 - u - 6. Let l(x) = 2*x**3 - 2*x**2 - 7. Let p(w) = c*l(w) + 3*j(w). What is p(m)?
-8
Let f be 3*((-10)/6 - -1). Let n(m) = -152*m + 66. Let c(w) = -67*w + 29. Let y(s) = -9*c(s) + 4*n(s). Give y(f).
13
Let q(g) = -8*g + 8. Let t(o) = -8*o + 19. Let n(h) = 2*q(h) - t(h). Suppose u + 5*i + 17 = 0, -u - 4*i - 5 - 8 = 0. What is n(u)?
-27
Let j(w) = 15*w - 3. Let t(y) = -582*y + 123. Let u(a) = -117*j(a) - 3*t(a). Determine u(-2).
0
Let n(z) be the first derivative of -3 + 2*z - 1/3*z**3 + 7/2*z**2. Let o be n(7). Let v(w) = -3*w**2 + 4*w - 3. Calculate v(o).
-7
Let b(o) = -o - 9. Let k be b(-12). Let c(g) be the second derivative of 0*g**2 + 0 + 1/6*g**3 + 16*g. Give c(k).
3
Let i(w) = -w. Let p(d) = 3. Let j(m) = -2*i(m) - p(m). Suppose 645*n = 647*n - 34. Let a(q) = q**2 - 13*q - 72. Let v be a(n). Give j(v).
-11
Suppose 0 = -13*n - 22 + 334. Suppose -q + n = 3*q. Let r(o) = -q*o + 3 + 19*o**2 - 10 - 20*o**2. Determine r(-4).
1
Let x(i) = 22*i**2 - 95 - 3*i - 2*i + 3 - 18*i**2 + 0*i**2. Determine x(6).
22
Let m(n) = -n - 4. Let o be (-210)/(-40) - 2/8. Let g(u) = -7*u**2 + 36*u - 9. Let b be g(o). Give m(b).
0
Let d(c) be the first derivative of c**3/3 + 2*c**2 - 8*c + 1995. What is d(5)?
37
Suppose -16*l = -27*l + 506. Suppose 0 = -36*w + l*w. Let q(b) = -b**3 - b + 24. Give q(w).
24
Let u be -4 - (-210)/28 - 23/2. Let d(p) = -2*p**3 - 16*p**2 - 3*p - 12. What is d(u)?
12
Let h(s) = -59*s - 18. Let f(x) = 26*x + 8. Let t(l) = 9*f(l) + 4*h(l). Give t(16).
-32
Let o be ((-14)/(-7))/((-2)/72*2). Let i = -8 - o. Suppose -i + 140 = 16*m. Let f(v) = v**3 - 8*v**2 + 8*v + 3. Determine f(m).
10
Let p(x) = -4*x - 2. Let m(l) = -51*l - 27. Let s(z) = 2*m(z) - 27*p(z). Let v be (-32 - -14)/((-4)/14). Let n = v + -64. Determine s(n).
-6
Let s(o) = -18*o + 14. Let a be (6/(-10))/(180/1800). What is s(a)?
122
Let p(o) = -o**2 + 3*o - 3. Let g(u) = -u**3 + 4*u**2 + 5. Let r(k) = -k**2 + 4*k + 25. Let b be r(7). Let l be g(b). Determine p(l).
-13
Let z(j) = j**3 - 8*j**2 - 21*j + 15. Suppose -t + 4*n = 7*n - 10, 4*n = -5*t + 50. Let k be z(t). Let p(h) = -h**3 + 5*h**2 - 1. Give p(k).
-1
Let r(p) = -2 + p**2 + 6 - 2*p**2 + 3*p. Let z(j) = 6*j + 21. Let o be z(-3). Suppose 2*h + 4*u - 7 = -o, 5*u - 11 = -4*h. Give r(h).
0
Suppose 241*n + 187*n - 1712 = 0. Let k(y) = y**2 + 3 + 1 + 2*y + 1. Give k(n).
29
Let l(h) = -6 - 2*h**3 + 0*h + 0 + h**2 + 3*h**2 - 3*h + 6*h. Give l(3).
-15
Let x(a) = -a**2 + 5*a + 6. Let l(b) = -b**3 - 17*b**2 - 10*b - 23. Let p be l(-16). Let k = p - -68. Let w = -46 - k. Give x(w).
6
Let d(l) be the first derivative of -3*l**4/2 - 2*l**3/3 + l - 1. Let a be (0 + 1)*25/25. Suppose 2*w + 2*n = -3*w - a, -4*n - 17 = -5*w. Calculate d(w).
-7
Let g(a) = 19*a - 29. Let d be g(5). Let z = -67 + d. Let m be (0/(-3) + 3)/(z - 0). Let n(r) = -r**3 - 4*r**2 - 2*r + 3. Determine n(m).
0
Let b = -17745 + 17730. Let t(p) = p**3 + 19*p**2 + 60*p - 3. What is t(b)?
-3
Let z(i) = 12*i**3 + i**2 - 2*i + 1. Let c(x) = -8*x**2 - 15*x + 2. Let w be c(-5). Let y = w + 124. What is z(y)?
12
Let a(j) be the first derivative of -j**4/4 - 8*j**3/3 + 5*j**2 + 6*j + 239796. Let z(y) = y**3 + y**2 + y - 9. Let b be z(0). What is a(b)?
-3
Let q(z) be the third derivative of z**6/120 + z**5/10 + z**4/8 + z**3/6 - 3569*z**2. Give q(-4).
21
Let p be 96/(-4)*(-7)/(21/2). Let z(a) = a**3 - 16*a**2 - 7*a + 13. Let x(r) = -2*r**3 + 32*r**2 + 13*r - 27. Let k(l) = -6*x(l) - 11*z(l). Calculate k(p).
3
Suppose -2*r - 4*t + 52 = 0, -33*t + 54 = -27*t. Let x(j) = 2*j**2 - 5*j - 89. What is x(r)?
-1
Let y(x) = 19*x - 82. Let m(w) = w + 20. Let d(l) = 14*l + 238. Let o(z) = -4*d(z) + 49*m(z). Let a(u) = 17*o(u) + 6*y(u). What is a(-4)?
4
Let v(i) = -4*i + 2*i**2 + 3 + 3*i - 13*i. Let x be ((-8)/(-56))/((-13)/(-546)). What is v(x)?
-9
Let r be 0*((-2)/(-2))/2. Let c(s) = 5*s**3 + 6*s**2 + 109*s + 18. Let w(v) = 11*v**3 + 13*v**2 + 236*v + 37. Let o(u) = -13*c(u) + 6*w(u). Determine o(r).
-12
Let k(j) = -j**3 - 2*j**2 - j - 2. Let z(f) = -2*f**3 - 10*f**2 - 8*f - 1. Let l(m) = -k(m) + z(m). Let v = -304 - -297. What is l(v)?
1
Let s = 4602 + -4573. Let d(v) = -v**3 + 32*v**2 - 89*v + 58. Calculate d(s).
0
Let d be ((-3)/2)/(12/(-32)). Let l = d - -6. Let o(s) = 9*s - s**2 + 8 - 5 - l. Determine o(8).
1
Let y(w) = 6 - 7 - 10*w + 16 + 28 + 30. Calculate y(8).
-7
Let a(i) = -25*i - 47. Let r be a(-2). Let q(v) = 2*v - 15 - 8*v - r*v + 3*v + 2*v. Calculate q(-6).
9
Let v = -96 + 108. Suppose -48*w + v = -42*w. Let p(s) = 1 - 22*s**3 - 7*s**2 - 4*s**w + s + 12*s**2. Give p(-1).
23
Suppose 16*n - 40 - 200 = 0. Let d(j) = j**2 - 16*j + 24. What is d(n)?
9
Let z(h) be the first derivative of 15*h**2 - 185*h - 427. Calculate z(6).
-5
Let s(r) = 33 + 13 - 40 + r + 10 + 11. Determine s(-29).
-2
Let w(k) = 3*k**3 + k**2 - k. Let a(g) = -2840 + 2834 - 12*g + 16*g**3 - g**2 + 8*g**2. Let m(o) = a(o) - 5*w(o). Calculate m(-4).
-10
Let n(r) = -4*r - 5. Let t(z) = -5*z - 6. Let q(v) = 4*n(v) - 3*t(v). Suppose f - 2*f - 742 = 3*y, -3*f = -2*y - 513. Let s = -249 - y. Give q(s).
-2
Let t(s) = -s**2 - 10*s - 8. Suppose 13*v + 240 = -11*v. Let d be t(v). Let o(l) = l**3 + 7*l**2 - 10*l. Give o(d).
16
Let u(c) be the second derivative of -c**4 + 19*c**3/6 + c**2/2 - 6*c - 292. What is u(3)?
-50
Suppose 0 = -4*i - 3*z + 16, -19*z = -5*i - 15*z + 51. Let s(n) = -2*n + 7. Determine s(i).
-7
Let o(k) = -k**2 + 4*k - 1. Let t(r) be the third derivative of -r**4/24 + r**3/6 + 10*r**2. Let d be 9/(-4)*(-16)/12. Let v(y) = d*t(y) + o(y). Give v(-3).
-10
Let u(n) = -3*n**3 + 5*n - 4. Let p(s) = s**3 - s**2 - s. Let q(r) = 4*p(r) + u(r). Suppose -394*y + 399*y = 15. What is q(y)?
-10
Let h(k) be the second derivative of k**3/2 - 3*k**2/2 + 32*k. Let t(m) be the second derivative of -m**4/4 - 13*m**3/6 + 21*m. Let q be t(-4). Determine h(q).
9
Let p(v) = -6*v - 356. Let w be p(-60). Let o(m) = -m**3 + 7*m**2 + 2*m - 9. What is o(w)?
47
Let x(g) = 5*g**2 - 2. Let b(l) = -3*l**2 - 21*l - 2. Let d be b(-9). Let r be (-32)/d*(18/4 + -1). What is x(r)?
18
Let t(h) = -9*h**2 - h + 1. Suppose 4*y - 5*f - 31 = 0, -5*y - f = -6*f - 45. Suppose 4 = -9*a - y. What is t(a)?
-33
Suppose 0 = 276*j - 282*j + 2700. Let q = 459 - j. Let o(m) = -m**2 + 10*m - 10. Calculate o(q).
-1
Let a(v) = v**2 - 5*v. Let t(x) = x**2 - 2*x. Let d be t(-1). Let g = 3 - -3. Suppose 14 = d*s - 5*m, -3*s + g*s + 3*m = 6. Give a(s).
-6
Let z(d) = -5*d**3 - 2*d**3 - 5 - 5*d + 2985*d**2 - d**3 - 2987*d**2. Let q(r) = -5*r**3 - 2*r**2 - 2*r - 2. Let j(c) = 5*q(c) - 3*z(c). Calculate j(-4).
-15
Let z(a) = 61*a - 6. Let i(h) = -1364*h + 6819. Let q be i(5). Calculate z(q).
-67
Let q(m) = -m**3 + 9*m**2 - 15*m + 11. Let i be q(7). Let w(n) = -2*n - n**3 - 3*n**2 + 7 + 9*n**2 - 3 - 8 - 2*n. Calculate w(i).
12
Let z be (3*-1 - -2) + 1. Suppose 0 = -73*f + 35*f + 304. Let b(l) = l**2 + 4 + l**3 